 878/u is divided by 33?
30
Calculate the remainder when (20/12 - 2)*0 - -37 is divided by 10.
7
Let x = -3 - -6. Let d = -100 + 164. Suppose p = -x*p + d. What is the remainder when 47 is divided by p?
15
Let j(s) = 32*s - 9. What is the remainder when j(3) is divided by 44?
43
Let d = 65 + -28. What is the remainder when 143 is divided by d?
32
Suppose -4*z - 2*g + 28 = 0, 6*g = g - 20. Calculate the remainder when (24/(-15))/((-2)/20) is divided by z.
7
Let n(x) = -9*x - 11. Calculate the remainder when n(-6) is divided by 11.
10
Suppose -2*u = 3*u - 265. Calculate the remainder when u is divided by 1/(-2) - 87/(-6).
11
Suppose 0*l = 4*l - 12. Let r be ((-50)/15)/(1/l). Let n = r + 17. Calculate the remainder when n is divided by 5.
2
Let d be 5/(-10)*(2 + -2). Suppose -4*l + 0*l + 56 = d. Suppose 4 + 12 = -4*b, 3*g - 93 = 3*b. What is the remainder when g is divided by l?
13
Let b = 8 + 56. Let x = b + -34. What is the remainder when x is divided by 16?
14
Let n be ((-3)/(-6))/((-1)/(-10)). Let y(u) = -u**3 + 6*u**2 - 4*u - 5. Let h be y(n). Suppose h*g = -3*g + 87. What is the remainder when g is divided by 15?
14
Suppose 0 = r + 4*r - 4*c - 92, 5*c = -15. Suppose 0 = 4*z - 116 - 72. Calculate the remainder when z is divided by r.
15
Let b = -125 + 126. Calculate the remainder when 5 is divided by b.
0
Let o(d) = -d**2 - 6*d + 3. Suppose 0 = 3*q + 5*a + 37, q - a = -0*a + 1. What is the remainder when o(q) is divided by 7?
4
Suppose -3*y + 196 = -68. Calculate the remainder when y is divided by 30.
28
Suppose 3*r = -2*r - 2*h + 85, 2*h - 25 = -r. Let b(s) = 12*s + 8. Let a be b(6). Suppose -2*t + a - 24 = 0. Calculate the remainder when t is divided by r.
13
Suppose -4*o + 54 = 2*o. Calculate the remainder when 16 is divided by o.
7
Suppose -4*q = -5*w + 40, -5*w + 6*q + 40 = q. What is the remainder when 23 is divided by w?
7
What is the remainder when 107 is divided by -4*(-1)/(-2) - (1 - 30)?
26
Let w be ((-16)/(-24))/((-4)/(-126)). Let m = w + -15. What is the remainder when 10 is divided by m?
4
Suppose -q + 5*c - 16 = 0, 3*c = -4*q - 2*c + 61. Calculate the remainder when q is divided by 6.
3
Suppose 2*m - 3*m + 69 = 0. Let d = m + -46. What is the remainder when 90 is divided by d?
21
Suppose 10 = 3*z + 2*z. Suppose 3*d = -4*h + 93, z*d - 67 = -0*h - h. Calculate the remainder when d is divided by 9.
8
Let y be (-18 - 2)/(-4 - -2). Let s(h) = -h**3 + 9*h**2 + 12*h - 14. Calculate the remainder when 15 is divided by s(y).
3
Let o(p) = p**3 + 5*p**2 + 4*p + 2. Let b(a) = 2*a + 3. Let z be b(-3). Let h = 25 + -11. Calculate the remainder when h is divided by o(z).
6
Suppose -2*y = y - 15, 5*y = 2*u - 23. Suppose -100 = 9*c + 8. Let k = c + u. Calculate the remainder when 35 is divided by k.
11
Suppose -i = -3*i + 12. Suppose r - i*r = -80. Calculate the remainder when (11 + (-1)/1)*3 is divided by r.
14
Suppose 2*q + 2 + 4 = 4*h, 12 = 5*h + 2*q. Suppose -5*d + 15 = 5*l, -1 = -5*l - h*d + 14. Calculate the remainder when 9 is divided by l.
0
Let v = 98 + -79. What is the remainder when 30 is divided by v?
11
Let y be ((-180)/(-63))/((-4)/(-14)). Suppose 82 + y = 4*v. Calculate the remainder when v is divided by 12.
11
Let g = -2 - -27. Calculate the remainder when g is divided by 16.
9
Let i(f) = -f**2 - 5*f + 3. Let a(z) = 2*z + 7. Let c be 5*5/((-75)/18). Let d be a(c). What is the remainder when 7 is divided by i(d)?
1
What is the remainder when 148 is divided by 198/8 - 10/(-200)*5?
23
Suppose -4*c = v - 5 - 162, 4*v + 192 = 4*c. Suppose 0 = -3*q + c - 10. What is the remainder when q is divided by 6?
5
Let b(g) = 18*g**2 - 5*g + 6. What is the remainder when 52 is divided by b(1)?
14
Suppose -5*x + 13 = 4*b, -4*x - 5*b - 3 + 8 = 0. What is the remainder when 54 is divided by x?
4
Suppose v - 3*o + 1 = 0, 5*v - 2*o = -0 + 8. Calculate the remainder when 6 is divided by v.
0
Let a(k) = k**3 - 7*k**2 + 4*k + 1. Let o be a(6). Suppose -2*i = i + 1128. Calculate the remainder when i/o + (-4)/22 is divided by 12.
10
Let m be (0 + 2)/(-3 - -4). Suppose -m*w + 12 = 4*t - 6*w, -26 = 3*t + 4*w. Calculate the remainder when 1 is divided by (-3)/t*(-6)/(-9).
0
Let q(t) = -31*t**3 + t**2 + t + 1. Let c(n) = n - 8. Let y be c(6). Let j = y + 1. Calculate the remainder when q(j) is divided by 11.
10
Let j = -2 + 3. What is the remainder when (-1 - -2)/((-2)/(-6)) is divided by (2 - 0)*(j - 0)?
1
Let p = -43 + -8. Let a = -20 - p. What is the remainder when 90 is divided by a?
28
Suppose 5*d + 19 = l + 3*l, 0 = -2*l - 5*d - 13. What is the remainder when 34 is divided by 2/(-1) + 13 + l?
10
Let p = -9 + 10. Let y = 0 + -8. Calculate the remainder when -2*2/y*2 is divided by p.
0
Suppose y + 0 = 13. Calculate the remainder when 76 is divided by y.
11
Suppose 3*u - 87 = -5*l + 30, 0 = 3*l + 5*u - 83. Suppose 5*b - 10 = 45. What is the remainder when l is divided by b?
10
Let y(p) = p**3 + 6*p**2 + p. Calculate the remainder when y(-4) is divided by 15.
13
Suppose 4*s - 4*u - 36 = -s, s = -5*u - 16. Let j = 676 + -466. Suppose -j = -g - s*g. Calculate the remainder when g is divided by 22.
20
What is the remainder when 39 is divided by -2 + (4*-16)/(-4)?
11
Suppose -2*w + 28 = -0*w. What is the remainder when w is divided by 5?
4
Let i = -57 + 65. What is the remainder when 27 is divided by i?
3
What is the remainder when 14 is divided by 2 - ((-2 - -3) + 2 - 9)?
6
Suppose 63 = 3*j + 4*j. What is the remainder when j is divided by 6?
3
Let d = 65 + 43. Calculate the remainder when d is divided by 22.
20
Suppose 4*b + 7 + 4 = 3*y, 4*b + 5*y = 29. Calculate the remainder when 3 is divided by b.
0
Let m = 22 - 154. Calculate the remainder when m/(-21) + (-4)/14 is divided by 2/(-3)*(-72)/24.
0
Let i(y) = y**2 + 6*y - 6. Suppose 4*j + 3*m = -15, -m + 0*m = -j - 2. Let u = 6 + j. Calculate the remainder when i(-8) is divided by u.
1
Suppose -585 = -0*b - 9*b. Calculate the remainder when b is divided by 17.
14
Suppose 4*p + 34 = 2*p. Let u = p + 23. What is the remainder when 20 is divided by u?
2
Calculate the remainder when 4*-20*5/(-10) is divided by 2/(-8) - 114/(-8).
12
Let o = -19 - -24. What is the remainder when 8 is divided by o?
3
Suppose 0 = -4*f + 8. Let r = f - -15. Calculate the remainder when 50 is divided by r.
16
Suppose 0 = -0*b - 2*b - 18. What is the remainder when -1*15*12/(-10) is divided by 58/6 - 3/b?
8
Suppose -2*r + 0*r = -104. Calculate the remainder when r is divided by 27.
25
Let c = 3 - -2. Suppose -a - 4*d = -c*a + 32, 0 = 3*a - 5*d - 28. Let r(v) = v**2 - 2*v + 2. What is the remainder when r(5) is divided by a?
5
Let h = -28 + 60. Calculate the remainder when h is divided by 150/9 - 2/(-6).
15
Suppose 7 = -5*d + 2. Let x be d + 0 - (-18)/3. Suppose 0 = -5*l + x*g - 10, 3*l - 9 - 25 = -5*g. What is the remainder when 10 is divided by l?
1
Suppose 0 = 2*t - 81 + 7. What is the remainder when t is divided by 19?
18
Suppose -5*q + 95 = -65. What is the remainder when q is divided by 11?
10
Let d(m) = -8*m + 4. Calculate the remainder when 135 is divided by d(-3).
23
Suppose 0 = -5*g + 32 - 2. Suppose -m - 10 = -6*m. Suppose -4*t + m*t = -5*s + 50, -3*s - 3*t = -30. Calculate the remainder when s is divided by g.
4
Suppose -2*p = -5 + 33. Let a be 3*(p + 3 + -1). Let y = a - -82. Calculate the remainder when y is divided by 16.
14
Suppose 5*l = 2*q + 89, -5*l - 4*q + 30 = -47. What is the remainder when 30 is divided by l?
13
Suppose 0*b - 69 = -3*b. What is the remainder when 45 is divided by b?
22
Suppose 11 + 4 = u + 3*v, 0 = -u - 4*v + 17. Calculate the remainder when 13 is divided by u.
4
Let w(d) = d**3 + 7*d**2 + 2. Let b be w(-7). Suppose -b*g - 15 = -q, -4*q + 2*g + 10 = -50. What is the remainder when 42 is divided by q?
12
Let q(g) = -g**2 - 2*g + 11. Let a be q(5). Calculate the remainder when 32 is divided by 15/2*a/(-20).
5
Let q = -11 + 14. Calculate the remainder when (-2)/(-2) + q - -43 is divided by 10.
7
Let t be 1/((2/8)/1). Suppose 0 = b - 4*z - 27, -b - z = 2*z + 1. Calculate the remainder when (-60 + -2)*(-2)/t is divided by b.
9
Let a(m) = m**3 - 7*m**2 - m + 9. Let z be a(7). Suppose -z*c - c = -30. Suppose -2*v + c = -16. Calculate the remainder when 37 is divided by v.
11
Let q(v) = v**3 + 4*v**